 73852?
1996
What is the highest common divisor of 1250 and 222315?
5
What is the highest common divisor of 160704 and 95139?
279
Calculate the greatest common factor of 9913 and 50719649.
431
Calculate the greatest common divisor of 610 and 2106635.
305
Calculate the highest common factor of 20783 and 85441882.
2969
Calculate the highest common factor of 1503 and 293585499.
1503
What is the greatest common factor of 55971895 and 31?
31
Calculate the highest common divisor of 1406946 and 262866.
1362
Calculate the highest common factor of 1784096388 and 27.
27
What is the greatest common divisor of 2 and 760299?
1
Calculate the highest common factor of 52944137 and 67.
67
Calculate the highest common factor of 244 and 7724.
4
Calculate the highest common factor of 1514205 and 1005445.
805
Calculate the greatest common factor of 217056 and 273552.
48
Calculate the highest common factor of 2819208 and 98.
14
What is the highest common factor of 28980 and 2607855?
345
What is the highest common factor of 12227113 and 38223?
4247
What is the highest common factor of 3882 and 41394?
6
Calculate the greatest common divisor of 2294208 and 26208.
2016
Calculate the highest common divisor of 22069122 and 13002.
1182
Calculate the greatest common factor of 260124 and 1272.
636
Calculate the highest common factor of 52250 and 27488250.
4750
What is the highest common factor of 7162151 and 289?
17
What is the highest common divisor of 100352 and 7393792?
3584
What is the greatest common divisor of 171303 and 244002?
33
What is the highest common divisor of 1020 and 197519481?
51
Calculate the highest common divisor of 19625081 and 133.
133
What is the greatest common factor of 1911816 and 1944?
216
What is the highest common factor of 57090225 and 75?
75
What is the greatest common factor of 29755 and 1419584?
541
What is the highest common divisor of 10427832 and 57408?
552
Calculate the highest common divisor of 36061356 and 2817.
939
Calculate the greatest common divisor of 14032509 and 30895.
6179
Calculate the highest common factor of 3655905 and 65.
5
What is the greatest common factor of 1765 and 4535?
5
What is the greatest common factor of 14212 and 86632?
68
Calculate the greatest common divisor of 3627 and 81757.
13
Calculate the highest common divisor of 22416 and 9109302.
2802
Calculate the highest common factor of 77 and 3988600.
77
What is the highest common divisor of 11324 and 80807?
19
What is the highest common factor of 21692 and 1915254?
374
What is the greatest common factor of 68124 and 500451?
21
What is the greatest common factor of 2796486 and 616?
154
Calculate the highest common divisor of 1704 and 360952143.
213
What is the highest common divisor of 21286774 and 13384?
478
Calculate the highest common factor of 29151159 and 1077.
1077
Calculate the greatest common divisor of 2555040 and 44640.
480
Calculate the greatest common divisor of 2216 and 30809048.
2216
What is the greatest common factor of 2488 and 93272?
8
Calculate the greatest common factor of 82 and 335324527.
41
Calculate the greatest common divisor of 365 and 14348395.
5
Calculate the highest common factor of 459272 and 5287.
17
What is the greatest common factor of 108372 and 627?
33
Calculate the highest common factor of 73487 and 34357.
43
Calculate the greatest common factor of 52604442 and 99.
99
Calculate the greatest common divisor of 77034148 and 5680.
284
Calculate the highest common divisor of 917 and 819889.
7
What is the greatest common divisor of 253 and 7835686?
23
Calculate the highest common divisor of 2650 and 4110050.
50
Calculate the greatest common factor of 2184060510 and 162.
162
What is the greatest common factor of 20 and 3439195?
5
What is the greatest common divisor of 1402620 and 408?
12
What is the greatest common factor of 19481 and 12649703?
121
Calculate the highest common divisor of 118 and 2390621.
59
Calculate the highest common factor of 545 and 168448055.
545
Calculate the greatest common factor of 205 and 14121425.
205
Calculate the greatest common divisor of 67898789 and 7.
7
What is the greatest common factor of 45367099 and 53?
53
Calculate the greatest common factor of 571362 and 6369978.
4722
What is the highest common divisor of 846 and 5042207?
47
Calculate the highest common divisor of 672 and 51995832.
168
Calculate the highest common factor of 30040706 and 194.
194
What is the highest common factor of 236509 and 2197?
13
Calculate the greatest common divisor of 95118248 and 184.
184
Calculate the highest common factor of 7325716506 and 6438.
6438
Calculate the highest common divisor of 13524082 and 9724.
286
Calculate the greatest common divisor of 107053367 and 9673.
569
Calculate the highest common factor of 6162 and 21784566.
474
Calculate the highest common divisor of 24406236 and 3942.
1314
What is the highest common factor of 120 and 1238035?
5
Calculate the highest common divisor of 273 and 1735279.
91
What is the greatest common divisor of 1668520093 and 1349?
1349
What is the highest common factor of 66 and 133661154?
66
Calculate the highest common divisor of 344 and 1633699.
43
Calculate the greatest common factor of 309 and 99911751.
309
Calculate the highest common factor of 90329 and 3130895.
1531
Calculate the greatest common divisor of 33 and 1190313861.
33
Calculate the highest common factor of 489483 and 30063925.
6043
What is the highest common divisor of 3573881 and 21014?
1501
Calculate the highest common factor of 646 and 1222062.
34
What is the greatest common divisor of 208 and 1769209?
13
Calculate the highest common factor of 82397 and 2474754.
79
Calculate the greatest common divisor of 20504 and 23936.
88
Calculate the highest common divisor of 96 and 13215688.
8
What is the greatest common divisor of 12191 and 521541?
167
Calculate the highest common factor of 69 and 712668547.
23
Calculate the highest common factor of 7007 and 19671652.
1001
Calculate the greatest common factor of 539097 and 3120.
39
Calculate the greatest common divisor of 30 and 516411555.
15
What is the greatest common factor of 38507531 and 793?
61
Calculate the highest common factor of 45167 and 1502849.
31
Calculate the highest common divisor of 25065921 and 152.
19
What is the greatest common factor of 8040 and 537348576?
1608
Calculate the highest common divisor of 8562158 and 77.
11
What is the highest common factor of 11899 and 1228517?
73
What is the greatest common factor of 9328 and 6913744?
848
What is the highest common factor of 225051939 and 4293?
4293
Calculate the highest common divisor of 22563 and 940999943.
2507
What is the highest common factor of 113351327 and 4?
1
Calculate the highest common divisor of 1026 and 6338250.
54
What is the highest common factor of 3489020 and 633820?
860
Calculate the highest common divisor of 16853 and 133171.
19
What is the greatest common factor of 885992694 and 2934?
978
Calculate the greatest common factor of 959517 and 9415692.
6903
What is the greatest common divisor of 1350862 and 3610?
722
What is the highest common divisor of 2236591008 and 48?
48
Calculate the greatest common divisor of 25108064 and 32.
32
Calculate the highest common divisor of 10014 and 2922.
6
Calculate the greatest common factor of 68788 and 216.
4
Calculate the greatest common factor of 1072954 and 14746.
146
Calculate the greatest common divisor of 17816 and 24565.
17
Calculate the greatest common divisor of 12 and 14145204.
12
What is the greatest common divisor of 9427 and 5019449?
857
Calculate the highest common divisor of 2959616 and 792.
88
Calculate the greatest common factor of 400926386 and 1610.
322
What is the greatest common factor of 4887 and 5368437?
27
What is the greatest common divisor of 84 and 1308867?
21
What is the highest common factor of 12678 and 2182?
2
Calculate the highest common factor of 6119244 and 3546.
18
Calculate the highest common factor of 41640 and 14232.
24
Calculate the greatest common divisor of 416 and 90866984.
104
What is the highest common factor of 34 and 137875644?
34
Calculate the highest common factor of 792611 and 1423.
1423
What is the highest common divisor of 13715036 and 1026?
38
What is the highest common factor of 197734040